hen 6381 is divided by 119.
74
Calculate the remainder when 62932 is divided by 46.
4
Calculate the remainder when 566 is divided by 6.
2
What is the remainder when 4752 is divided by 1241?
1029
What is the remainder when 15177 is divided by 5057?
6
What is the remainder when 5177 is divided by 2585?
7
What is the remainder when 142608 is divided by 71300?
8
What is the remainder when 15582 is divided by 5178?
48
Calculate the remainder when 500657 is divided by 190.
7
Calculate the remainder when 9096 is divided by 2172.
408
Calculate the remainder when 117417 is divided by 412.
409
Calculate the remainder when 12769 is divided by 456.
1
What is the remainder when 2659 is divided by 285?
94
What is the remainder when 9409 is divided by 11?
4
What is the remainder when 20802 is divided by 673?
612
What is the remainder when 1554 is divided by 375?
54
What is the remainder when 325938 is divided by 54321?
12
Calculate the remainder when 28646 is divided by 4774.
2
What is the remainder when 39398 is divided by 99?
95
Calculate the remainder when 1739907 is divided by 177.
174
What is the remainder when 91852 is divided by 1294?
1272
What is the remainder when 120812 is divided by 24161?
7
Calculate the remainder when 43098 is divided by 50.
48
Calculate the remainder when 52288 is divided by 217.
208
Calculate the remainder when 1333401 is divided by 84.
69
What is the remainder when 4884 is divided by 3252?
1632
Calculate the remainder when 26115 is divided by 218.
173
Calculate the remainder when 964705 is divided by 135.
130
What is the remainder when 8298 is divided by 1373?
60
What is the remainder when 3028 is divided by 144?
4
What is the remainder when 1893 is divided by 834?
225
Calculate the remainder when 36554 is divided by 317.
99
Calculate the remainder when 894752 is divided by 14.
12
Calculate the remainder when 1951 is divided by 157.
67
Calculate the remainder when 3960 is divided by 452.
344
Calculate the remainder when 119123 is divided by 110.
103
Calculate the remainder when 3499 is divided by 65.
54
Calculate the remainder when 3700 is divided by 818.
428
What is the remainder when 627 is divided by 315?
312
What is the remainder when 137382 is divided by 68674?
34
What is the remainder when 31882 is divided by 157?
11
What is the remainder when 3409 is divided by 501?
403
What is the remainder when 6271 is divided by 686?
97
What is the remainder when 12447298 is divided by 1253?
1249
Calculate the remainder when 2070 is divided by 240.
150
Calculate the remainder when 11364 is divided by 8.
4
Calculate the remainder when 2125 is divided by 697.
34
What is the remainder when 7919 is divided by 137?
110
What is the remainder when 14905 is divided by 440?
385
What is the remainder when 24749 is divided by 136?
133
Calculate the remainder when 14234 is divided by 47.
40
What is the remainder when 19513 is divided by 1949?
23
What is the remainder when 152718 is divided by 16?
14
What is the remainder when 8970 is divided by 44?
38
What is the remainder when 327248 is divided by 117?
116
What is the remainder when 6439 is divided by 248?
239
Calculate the remainder when 15929 is divided by 1579.
139
Calculate the remainder when 11087 is divided by 626.
445
Calculate the remainder when 75288 is divided by 53.
28
Calculate the remainder when 168391 is divided by 488.
31
What is the remainder when 47808 is divided by 208?
176
What is the remainder when 78424 is divided by 18?
16
What is the remainder when 8420 is divided by 148?
132
What is the remainder when 280086 is divided by 11?
4
What is the remainder when 13842 is divided by 355?
352
What is the remainder when 7377 is divided by 142?
135
What is the remainder when 32800 is divided by 2048?
32
Calculate the remainder when 409599 is divided by 100.
99
What is the remainder when 82527 is divided by 27484?
75
Calculate the remainder when 30299 is divided by 488.
43
What is the remainder when 60983 is divided by 60?
23
What is the remainder when 117370 is divided by 131?
125
Calculate the remainder when 24749 is divided by 26.
23
Calculate the remainder when 5062 is divided by 2358.
346
Calculate the remainder when 11303 is divided by 78.
71
Calculate the remainder when 27011 is divided by 13502.
7
What is the remainder when 2113126 is divided by 108?
106
Calculate the remainder when 530 is divided by 55.
35
What is the remainder when 32706 is divided by 917?
611
What is the remainder when 6764 is divided by 3361?
42
Calculate the remainder when 61644 is divided by 1312.
1292
Calculate the remainder when 103008 is divided by 68.
56
What is the remainder when 213059 is divided by 151?
149
Calculate the remainder when 2241 is divided by 949.
343
What is the remainder when 3609 is divided by 349?
119
Calculate the remainder when 20056 is divided by 1052.
68
What is the remainder when 17847 is divided by 992?
983
Calculate the remainder when 163 is divided by 16.
3
Calculate the remainder when 401256 is divided by 122.
120
What is the remainder when 290636 is divided by 865?
861
What is the remainder when 10496 is divided by 140?
136
What is the remainder when 1785019 is divided by 2066?
2061
What is the remainder when 119 is divided by 26?
15
Calculate the remainder when 6094 is divided by 6089.
5
What is the remainder when 1883 is divided by 373?
18
What is the remainder when 16152 is divided by 23?
6
Calculate the remainder when 24823 is divided by 1909.
6
What is the remainder when 15478 is divided by 1933?
14
Calculate the remainder when 11744 is divided by 356.
352
Calculate the remainder when 176247 is divided by 125.
122
What is the remainder when 1304 is divided by 15?
14
What is the remainder when 55241 is divided by 7891?
4
Calculate the remainder when 21590 is divided by 3.
2
Calculate the remainder when 3659 is divided by 123.
92
Calculate the remainder when 1695 is divided by 221.
148
What is the remainder when 2534566 is divided by 22?
12
What is the remainder when 1568 is divided by 432?
272
Calculate the remainder when 751 is divided by 131.
96
Calculate the remainder when 192507 is divided by 270.
267
What is the remainder when 183039 is divided by 24?
15
Calculate the remainder when 805 is divided by 383.
39
What is the remainder when 34865 is divided by 471?
11
What is the remainder when 292 is divided by 24?
4
What is the remainder when 3341 is divided by 80?
61
Calculate the remainder when 6488 is divided by 1012.
416
What is the remainder when 20358 is divided by 76?
66
Calculate the remainder when 1139 is divided by 302.
233
What is the remainder when 8336 is divided by 25?
11
Calculate the remainder when 12317 is divided by 159.
74
What is the remainder when 47106 is divided by 759?
48
What is the remainder when 175653 is divided by 34?
9
Calculate the remainder when 41352 is divided by 31.
29
Calculate the remainder when 20483 is divided by 291.
113
What is the remainder when 50975 is divided by 59?
58
What is the remainder when 363450 is divided by 37?
36
Calculate the remainder when 11688 is divided by 5.
3
What is the remainder when 13144 is divided by 12?
4
Calculate the remainder when 7108 is divided by 591.
16
What is the remainder when 17408 is divided by 3443?
193
Calculate the remainder when 5371 is divided by 341.
256
Calculate the remainder when 38213 is divided by 1467.
71
Calculate the remainder when 858 is divided by 455.
403
Calculate the remainder when 49862 is divided by 28.
22
Calculate the remainder when 266553 is divided by 502.
493
What is the remainder when 195740 is divided by 97855?
30
Calculate the remainder when 30345 is divided by 230.
215
What is the remainder when 8195 is divided by 1148?
159
What is the remainder when 8157 is divided by 1213?
879
Calculate the remainder when 231698 is divided by 5.
3
What is the remainder when 148729 is divided by 107?
106
What is the remainder when 55 is divided by 32?
23
What is the remainder when 63812 is divided by 2363?
11
Calculate the remainder when 12250866 is divided by 14.
12
Calculate the remainder when 140708 is divided by 818.
12
Calculate the remainder when 4905 is divided by 979.
10
What is the remainder when 6320 is divided by 6275?
45
Calculate the remainder when 24386 